 is the units digit of 1073934?
4
What is the units digit of 2903930?
0
What is the tens digit of 1661118?
1
What is the millions digit of 3821057?
3
What is the units digit of 100523?
3
What is the millions digit of 5214797?
5
What is the ten thousands digit of 16088955?
8
What is the units digit of 329177?
7
What is the ten thousands digit of 166882?
6
What is the ten thousands digit of 10003662?
0
What is the tens digit of 535106?
0
What is the ten thousands digit of 8362471?
6
What is the ten thousands digit of 47874?
4
What is the units digit of 530471?
1
What is the hundred thousands digit of 3361799?
3
What is the tens digit of 14141923?
2
What is the thousands digit of 4262137?
2
What is the hundred thousands digit of 5865592?
8
What is the units digit of 278638?
8
What is the tens digit of 182939?
3
What is the hundred thousands digit of 16761712?
7
What is the units digit of 1008069?
9
What is the thousands digit of 75611?
5
What is the tens digit of 74799?
9
What is the ten thousands digit of 965863?
6
What is the hundred thousands digit of 1631086?
6
What is the hundreds digit of 250894?
8
What is the hundreds digit of 608010?
0
What is the units digit of 5709925?
5
What is the units digit of 25532608?
8
What is the hundred thousands digit of 429423?
4
What is the tens digit of 4231663?
6
What is the hundred thousands digit of 141889?
1
What is the ten thousands digit of 8978105?
7
What is the hundreds digit of 469645?
6
What is the hundred thousands digit of 2120185?
1
What is the ten thousands digit of 301411?
0
What is the thousands digit of 45311160?
1
What is the tens digit of 1681391?
9
What is the millions digit of 1654121?
1
What is the hundreds digit of 1091223?
2
What is the hundreds digit of 362192?
1
What is the units digit of 19307?
7
What is the ten thousands digit of 1061244?
6
What is the units digit of 2469?
9
What is the tens digit of 966100?
0
What is the hundreds digit of 8173056?
0
What is the tens digit of 91130?
3
What is the hundred thousands digit of 29282941?
2
What is the tens digit of 741257?
5
What is the thousands digit of 573082?
3
What is the units digit of 1653864?
4
What is the millions digit of 17226404?
7
What is the hundreds digit of 106669?
6
What is the tens digit of 2863083?
8
What is the thousands digit of 248095?
8
What is the units digit of 1676422?
2
What is the hundreds digit of 3177175?
1
What is the thousands digit of 18306621?
6
What is the tens digit of 908030?
3
What is the hundreds digit of 4467839?
8
What is the tens digit of 208914?
1
What is the hundreds digit of 14880?
8
What is the units digit of 29507?
7
What is the millions digit of 1379937?
1
What is the ten thousands digit of 1108002?
0
What is the hundreds digit of 1177216?
2
What is the units digit of 221377?
7
What is the units digit of 493929?
9
What is the ten thousands digit of 13148791?
4
What is the ten thousands digit of 4668044?
6
What is the hundred thousands digit of 2955091?
9
What is the hundreds digit of 22509450?
4
What is the tens digit of 3680831?
3
What is the tens digit of 271814?
1
What is the hundred thousands digit of 9994540?
9
What is the hundreds digit of 4643012?
0
What is the thousands digit of 362536?
2
What is the tens digit of 475001?
0
What is the thousands digit of 74941?
4
What is the hundreds digit of 435046?
0
What is the ten thousands digit of 22598810?
9
What is the hundred thousands digit of 1202091?
2
What is the hundreds digit of 4977710?
7
What is the units digit of 10020534?
4
What is the hundred thousands digit of 2275308?
2
What is the thousands digit of 1422113?
2
What is the tens digit of 3448651?
5
What is the hundreds digit of 662340?
3
What is the ten thousands digit of 1996127?
9
What is the millions digit of 2933898?
2
What is the millions digit of 15428134?
5
What is the ten thousands digit of 209376?
0
What is the hundreds digit of 88826?
8
What is the thousands digit of 432147?
2
What is the thousands digit of 17555804?
5
What is the tens digit of 48444?
4
What is the units digit of 1535324?
4
What is the ten thousands digit of 1256688?
5
What is the ten thousands digit of 15077011?
7
What is the tens digit of 13034390?
9
What is the ten millions digit of 27807664?
2
What is the thousands digit of 800847?
0
What is the millions digit of 2275206?
2
What is the hundred thousands digit of 675670?
6
What is the units digit of 274252?
2
What is the units digit of 437117?
7
What is the thousands digit of 1116336?
6
What is the hundreds digit of 241060?
0
What is the ten thousands digit of 2387855?
8
What is the tens digit of 154318?
1
What is the ten thousands digit of 10088648?
8
What is the units digit of 11367?
7
What is the hundred thousands digit of 1241139?
2
What is the tens digit of 7276374?
7
What is the units digit of 60455?
5
What is the units digit of 191914?
4
What is the millions digit of 1775822?
1
What is the thousands digit of 9502689?
2
What is the units digit of 2523171?
1
What is the tens digit of 182416?
1
What is the units digit of 7859804?
4
What is the hundreds digit of 3713527?
5
What is the hundred thousands digit of 445234?
4
What is the hundreds digit of 182990?
9
What is the thousands digit of 1482916?
2
What is the tens digit of 215437?
3
What is the hundred thousands digit of 320450?
3
What is the hundred thousands digit of 992105?
9
What is the hundred thousands digit of 2508337?
5
What is the thousands digit of 1572718?
2
What is the hundreds digit of 1760346?
3
What is the units digit of 315304?
4
What is the hundreds digit of 24560826?
8
What is the tens digit of 1430871?
7
What is the hundred thousands digit of 1506542?
5
What is the units digit of 100774?
4
What is the millions digit of 1774411?
1
What is the hundreds digit of 297051?
0
What is the tens digit of 7075596?
9
What is the hundreds digit of 24467769?
7
What is the tens digit of 639122?
2
What is the hundreds digit of 3370448?
4
What is the ten thousands digit of 268652?
6
What is the thousands digit of 6611257?
1
What is the ten thousands digit of 26189796?
8
What is the hundred thousands digit of 2122003?
1
What is the hundreds digit of 13500227?
2
What is the tens digit of 940443?
4
What is the hundreds digit of 30404568?
5
What is the ten millions digit of 12638821?
1
What is the tens digit of 59350?
5
What is the units digit of 117402?
2
What is the hundreds digit of 289871?
8
What is the tens digit of 234687?
8
What is the tens digit of 70109?
0
What is the units digit of 5010986?
6
What is the ten thousands digit of 428797?
2
What is the thousands digit of 266078?
6
What is the thousands digit of 32006055?
6
What is the units digit of 9032888?
8
What is the hundred thousands digit of 201215?
2
What is the hundreds digit of 23119156?
1
What is the millions digit of 7271869?
7
What is the units digit of 471652?
2
What is the hundred thousands digit of 401865?
4
What is the tens digit of 765460?
6
What is the ten thousands digit of 1787682?
8
What is the hundred thousands digit of 3103426?
1
What is the millions digit of 2455219?
2
What is the ten thousands digit of 2775367?
7
What is the hundred thousands digit of 371232?
3
What is the hundreds digit of 685869?
8
What is the hundred thousands digit of 3003680?
0
What is the thousands digit of 16600376?
0
What is the tens digit of 18783?
8
What is the thousands digit of 3166164?
6
What is the tens digit of 2573103?
0
What is the hundreds digit of 11765514?
5
What is the units digit of 143851?
1
What is the tens digit of 75521?
2
What is the ten thousands digit of 31853?
3
What is the units digit of 154114?
4
What is the thousands digit of 239821?
9
What is the hundred thousands digit of 17028550?
0
What is the tens digit of 336367?
6
What is the hundreds digit of 10944460?
4
What is the units digit of 1013356?
6
What is the hundreds digit of 1567979?
9
What is the ten thousands digit of 678058?
7
What is the ten millions digit of 14971144?
1
What is the ten thousands digit of 760190?
6
What is the ten thousands digit of 35701790?
0
What is the hundreds digit of 3402157?
1
What is the hundreds digit of 5312663?
6
What is the hundreds digit of 16307339?
3
What is the ten thousands digit of 2561110?
6
What is the tens dig